{"id":11551,"date":"2024-03-25T15:41:41","date_gmt":"2024-03-25T14:41:41","guid":{"rendered":"https:\/\/www.oxalis-asso.org\/dev\/?page_id=11551"},"modified":"2024-06-03T17:41:12","modified_gmt":"2024-06-03T15:41:12","slug":"les-aperos-des-auto-constructeurs","status":"publish","type":"page","link":"https:\/\/www.oxalis-asso.org\/dev\/les-aperos-des-auto-constructeurs\/","title":{"rendered":"Les ap\u00e9ros des auto-constructeurs"},"content":{"rendered":"\t\t<div data-elementor-type=\"wp-page\" data-elementor-id=\"11551\" class=\"elementor elementor-11551\">\n\t\t\t\t<div class=\"elementor-element elementor-element-7c948148 e-grid e-con-full e-con e-parent\" data-id=\"7c948148\" data-element_type=\"container\">\n\t\t\t\t<div class=\"elementor-element elementor-element-475f12b elementor-widget elementor-widget-heading\" data-id=\"475f12b\" data-element_type=\"widget\" data-widget_type=\"heading.default\">\n\t\t\t\t<div class=\"elementor-widget-container\">\n\t\t\t\t\t<h1 class=\"elementor-heading-title elementor-size-default\">Les ap\u00e9ros des auto-constructeurs<\/h1>\t\t\t\t<\/div>\n\t\t\t\t<\/div>\n\t\t\t\t<div class=\"elementor-element elementor-element-2b9846af elementor-align-center elementor-widget elementor-widget-raven-post-meta\" data-id=\"2b9846af\" data-element_type=\"widget\" data-widget_type=\"raven-post-meta.default\">\n\t\t\t\t<div class=\"elementor-widget-container\">\n\t\t\t\t\t\t\t<ul class=\"raven-inline-items raven-icon-list-items raven-post-meta\">\n\t\t\t\t\t<li class=\"raven-icon-list-item elementor-repeater-item-b7b338f raven-inline-item\" itemprop=\"author\">\n\t\t\t\t\t\t<a href=\"https:\/\/www.oxalis-asso.org\/dev\">\n\t\t\t\t\t\t\t\t\t\t<span class=\"raven-icon-list-icon\">\n\t\t\t\t\t\t\t<svg aria-hidden=\"true\" class=\"e-font-icon-svg e-fas-user-circle\" viewBox=\"0 0 496 512\" xmlns=\"http:\/\/www.w3.org\/2000\/svg\"><path d=\"M248 8C111 8 0 119 0 256s111 248 248 248 248-111 248-248S385 8 248 8zm0 96c48.6 0 88 39.4 88 88s-39.4 88-88 88-88-39.4-88-88 39.4-88 88-88zm0 344c-58.7 0-111.3-26.6-146.5-68.2 18.8-35.4 55.6-59.8 98.5-59.8 2.4 0 4.8.4 7.1 1.1 13 4.2 26.6 6.9 40.9 6.9 14.3 0 28-2.7 40.9-6.9 2.3-.7 4.7-1.1 7.1-1.1 42.9 0 79.7 24.4 98.5 59.8C359.3 421.4 306.7 448 248 448z\"><\/path><\/svg>\t\t\t\t\t<\/span>\n\t\t\t\t\t\t\t\t<span class=\"raven-icon-list-text raven-post-meta-item raven-post-meta-item-type-author\">\n\t\t\t\t\t\t\t\t\t\tOxalis\t\t\t\t\t<\/span>\n\t\t\t\t\t\t\t\t\t<\/a>\n\t\t\t\t<\/li>\n\t\t\t\t<li class=\"raven-icon-list-item elementor-repeater-item-e054a6a raven-inline-item\" itemprop=\"datePublished\">\n\t\t\t\t\t\t<a href=\"https:\/\/www.oxalis-asso.org\/dev\/2024\/03\/25\/\">\n\t\t\t\t\t\t\t\t\t\t<span class=\"raven-icon-list-icon\">\n\t\t\t\t\t\t\t<svg aria-hidden=\"true\" class=\"e-font-icon-svg e-fas-calendar\" viewBox=\"0 0 448 512\" xmlns=\"http:\/\/www.w3.org\/2000\/svg\"><path d=\"M12 192h424c6.6 0 12 5.4 12 12v260c0 26.5-21.5 48-48 48H48c-26.5 0-48-21.5-48-48V204c0-6.6 5.4-12 12-12zm436-44v-36c0-26.5-21.5-48-48-48h-48V12c0-6.6-5.4-12-12-12h-40c-6.6 0-12 5.4-12 12v52H160V12c0-6.6-5.4-12-12-12h-40c-6.6 0-12 5.4-12 12v52H48C21.5 64 0 85.5 0 112v36c0 6.6 5.4 12 12 12h424c6.6 0 12-5.4 12-12z\"><\/path><\/svg>\t\t\t\t\t<\/span>\n\t\t\t\t\t\t\t\t<span class=\"raven-icon-list-text raven-post-meta-item raven-post-meta-item-type-date\">\n\t\t\t\t\t\t\t\t\t\t25 mars, 2024\t\t\t\t\t<\/span>\n\t\t\t\t\t\t\t\t\t<\/a>\n\t\t\t\t<\/li>\n\t\t\t\t<\/ul>\n\t\t\t\t\t\t<\/div>\n\t\t\t\t<\/div>\n\t\t\t\t<div class=\"elementor-element elementor-element-68d25f91 elementor-align-center elementor-widget elementor-widget-raven-breadcrumbs\" data-id=\"68d25f91\" data-element_type=\"widget\" data-widget_type=\"raven-breadcrumbs.default\">\n\t\t\t\t<div class=\"elementor-widget-container\">\n\t\t\t\t\t<div class=\"raven-breadcrumbs raven-breadcrumbs-yoast\"><p id=\"breadcrumbs\"><span><span><a href=\"https:\/\/www.oxalis-asso.org\/dev\/\">Accueil<\/a><\/span><\/span><\/p><\/div>\t\t\t\t<\/div>\n\t\t\t\t<\/div>\n\t\t\t\t<\/div>\n\t\t<div class=\"elementor-element elementor-element-40ea978 e-flex e-con-boxed e-con e-parent\" data-id=\"40ea978\" data-element_type=\"container\">\n\t\t\t\t\t<div class=\"e-con-inner\">\n\t\t\t\t<div class=\"elementor-element elementor-element-16ec07c elementor-widget elementor-widget-text-editor\" data-id=\"16ec07c\" data-element_type=\"widget\" data-widget_type=\"text-editor.default\">\n\t\t\t\t<div class=\"elementor-widget-container\">\n\t\t\t\t\t\t\t\t\t<h3 style=\"text-align: center;\"><strong>Le 1er vendredi du mois : \u00ab Pose ta visseuse, c<\/strong><strong>\u2019est l\u2019ap\u00e9ro des auto-constructeurs <\/strong><strong>! \u00bb<\/strong><\/h3><p style=\"text-align: center;\">Il s\u2019agit d\u2019un rendez-vous mensuel pour \u00e9changer sur vos projets de construction ou de r\u00e9novation.<\/p><p style=\"text-align: center;\">(Chacun apporte mets et boissons pour un petit ap\u00e9ritif partag\u00e9, et en avant les discussions !)<\/p><p style=\"text-align: center;\">Le rendez-vous est gratuit et ouvert \u00e0 tous, mais n\u2019h\u00e9sitez pas \u00e0 nous pr\u00e9venir de votre venue, en pr\u00e9cisant vos attentes. Les membres de l\u2019association pourront alors adapter leur venue afin de vous accompagner au mieux.<\/p>\t\t\t\t\t\t\t\t<\/div>\n\t\t\t\t<\/div>\n\t\t\t\t\t<\/div>\n\t\t\t\t<\/div>\n\t\t<div class=\"elementor-element elementor-element-7394823 e-flex e-con-boxed e-con e-parent\" data-id=\"7394823\" data-element_type=\"container\">\n\t\t\t\t\t<div class=\"e-con-inner\">\n\t\t\t\t<div class=\"elementor-element elementor-element-bac98d5 elementor-widget elementor-widget-image-gallery\" data-id=\"bac98d5\" data-element_type=\"widget\" data-widget_type=\"image-gallery.default\">\n\t\t\t\t<div class=\"elementor-widget-container\">\n\t\t\t\t\t\t\t<div class=\"elementor-image-gallery\">\n\t\t\t<div id='gallery-1' class='gallery galleryid-11551 gallery-columns-2 gallery-size-large'><figure class='gallery-item'>\n\t\t\t<div class='gallery-icon landscape'>\n\t\t\t\t<a data-elementor-open-lightbox=\"yes\" data-elementor-lightbox-slideshow=\"bac98d5\" data-elementor-lightbox-title=\"IMG_6436\" data-e-action-hash=\"#elementor-action%3Aaction%3Dlightbox%26settings%3DeyJpZCI6MTE1NTcsInVybCI6Imh0dHBzOlwvXC93d3cub3hhbGlzLWFzc28ub3JnXC9kZXZcL3dwLWNvbnRlbnRcL3VwbG9hZHNcLzIwMjRcLzAzXC9JTUdfNjQzNi1zY2FsZWQuanBnIiwic2xpZGVzaG93IjoiYmFjOThkNSJ9\" href='https:\/\/www.oxalis-asso.org\/dev\/wp-content\/uploads\/2024\/03\/IMG_6436-scaled.jpg'><img fetchpriority=\"high\" decoding=\"async\" width=\"1024\" height=\"768\" src=\"https:\/\/www.oxalis-asso.org\/dev\/wp-content\/uploads\/2024\/03\/IMG_6436-1024x768.jpg\" class=\"attachment-large size-large\" alt=\"\" srcset=\"https:\/\/www.oxalis-asso.org\/dev\/wp-content\/uploads\/2024\/03\/IMG_6436-1024x768.jpg 1024w, https:\/\/www.oxalis-asso.org\/dev\/wp-content\/uploads\/2024\/03\/IMG_6436-300x225.jpg 300w, https:\/\/www.oxalis-asso.org\/dev\/wp-content\/uploads\/2024\/03\/IMG_6436-768x576.jpg 768w, https:\/\/www.oxalis-asso.org\/dev\/wp-content\/uploads\/2024\/03\/IMG_6436-1536x1152.jpg 1536w, https:\/\/www.oxalis-asso.org\/dev\/wp-content\/uploads\/2024\/03\/IMG_6436-2048x1536.jpg 2048w\" sizes=\"(max-width: 1024px) 100vw, 1024px\" \/><\/a>\n\t\t\t<\/div><\/figure><figure class='gallery-item'>\n\t\t\t<div class='gallery-icon landscape'>\n\t\t\t\t<a data-elementor-open-lightbox=\"yes\" data-elementor-lightbox-slideshow=\"bac98d5\" data-elementor-lightbox-title=\"IMG_6429\" data-e-action-hash=\"#elementor-action%3Aaction%3Dlightbox%26settings%3DeyJpZCI6MTE1NTYsInVybCI6Imh0dHBzOlwvXC93d3cub3hhbGlzLWFzc28ub3JnXC9kZXZcL3dwLWNvbnRlbnRcL3VwbG9hZHNcLzIwMjRcLzAzXC9JTUdfNjQyOS1zY2FsZWQuanBnIiwic2xpZGVzaG93IjoiYmFjOThkNSJ9\" href='https:\/\/www.oxalis-asso.org\/dev\/wp-content\/uploads\/2024\/03\/IMG_6429-scaled.jpg'><img decoding=\"async\" width=\"1024\" height=\"768\" src=\"https:\/\/www.oxalis-asso.org\/dev\/wp-content\/uploads\/2024\/03\/IMG_6429-1024x768.jpg\" class=\"attachment-large size-large\" alt=\"\" srcset=\"https:\/\/www.oxalis-asso.org\/dev\/wp-content\/uploads\/2024\/03\/IMG_6429-1024x768.jpg 1024w, https:\/\/www.oxalis-asso.org\/dev\/wp-content\/uploads\/2024\/03\/IMG_6429-300x225.jpg 300w, https:\/\/www.oxalis-asso.org\/dev\/wp-content\/uploads\/2024\/03\/IMG_6429-768x576.jpg 768w, https:\/\/www.oxalis-asso.org\/dev\/wp-content\/uploads\/2024\/03\/IMG_6429-1536x1152.jpg 1536w, https:\/\/www.oxalis-asso.org\/dev\/wp-content\/uploads\/2024\/03\/IMG_6429-2048x1536.jpg 2048w\" sizes=\"(max-width: 1024px) 100vw, 1024px\" \/><\/a>\n\t\t\t<\/div><\/figure>\n\t\t<\/div>\n\t\t<\/div>\n\t\t\t\t\t\t<\/div>\n\t\t\t\t<\/div>\n\t\t\t\t\t<\/div>\n\t\t\t\t<\/div>\n\t\t<div class=\"elementor-element elementor-element-fed89a6 e-flex e-con-boxed e-con e-parent\" data-id=\"fed89a6\" data-element_type=\"container\">\n\t\t\t\t\t<div class=\"e-con-inner\">\n\t\t\t\t<div class=\"elementor-element elementor-element-25e526c6 elementor-widget-divider--view-line elementor-widget elementor-widget-divider\" data-id=\"25e526c6\" data-element_type=\"widget\" data-widget_type=\"divider.default\">\n\t\t\t\t<div class=\"elementor-widget-container\">\n\t\t\t\t\t\t\t<div class=\"elementor-divider\">\n\t\t\t<span class=\"elementor-divider-separator\">\n\t\t\t\t\t\t<\/span>\n\t\t<\/div>\n\t\t\t\t\t\t<\/div>\n\t\t\t\t<\/div>\n\t\t\t\t\t<\/div>\n\t\t\t\t<\/div>\n\t\t<div class=\"elementor-element elementor-element-dc5a59f e-flex e-con-boxed e-con e-parent\" data-id=\"dc5a59f\" data-element_type=\"container\">\n\t\t\t\t\t<div class=\"e-con-inner\">\n\t\t<div class=\"elementor-element elementor-element-9756e24 e-con-full e-flex e-con e-child\" data-id=\"9756e24\" data-element_type=\"container\">\n\t\t\t\t<div class=\"elementor-element elementor-element-4f06c74 elementor-widget elementor-widget-text-editor\" data-id=\"4f06c74\" data-element_type=\"widget\" data-widget_type=\"text-editor.default\">\n\t\t\t\t<div class=\"elementor-widget-container\">\n\t\t\t\t\t\t\t\t\t<h3>Prochaine date :<\/h3>\t\t\t\t\t\t\t\t<\/div>\n\t\t\t\t<\/div>\n\t\t\t\t<\/div>\n\t\t<div class=\"elementor-element elementor-element-74de4a0 e-con-full e-flex e-con e-child\" data-id=\"74de4a0\" data-element_type=\"container\">\n\t\t<div class=\"elementor-element elementor-element-5ac48f4 e-con-full e-flex e-con e-child\" data-id=\"5ac48f4\" data-element_type=\"container\">\n\t\t\t\t<div class=\"elementor-element elementor-element-1ae8c61 elementor-widget__width-initial elementor-widget elementor-widget-text-editor\" data-id=\"1ae8c61\" data-element_type=\"widget\" data-widget_type=\"text-editor.default\">\n\t\t\t\t<div class=\"elementor-widget-container\">\n\t\t\t\t\t\t\t\t\t<h3 style=\"text-align: center;\">Le vendredi 7 juin 2024 \u00e0 partir de 19h !!!<\/h3>\t\t\t\t\t\t\t\t<\/div>\n\t\t\t\t<\/div>\n\t\t\t\t<\/div>\n\t\t<div class=\"elementor-element elementor-element-d062599 e-con-full e-flex e-con e-child\" data-id=\"d062599\" data-element_type=\"container\">\n\t\t\t\t<div class=\"elementor-element elementor-element-35aa280 elementor-widget elementor-widget-text-editor\" data-id=\"35aa280\" data-element_type=\"widget\" data-widget_type=\"text-editor.default\">\n\t\t\t\t<div class=\"elementor-widget-container\">\n\t\t\t\t\t\t\t\t\t<p style=\"text-align: center;\"><strong>Au Fournil des Eparis, \u00e0 Viuz-la-Chi\u00e9saz (74540)<br \/><\/strong><\/p>\t\t\t\t\t\t\t\t<\/div>\n\t\t\t\t<\/div>\n\t\t\t\t<\/div>\n\t\t\t\t<\/div>\n\t\t\t\t\t<\/div>\n\t\t\t\t<\/div>\n\t\t<div class=\"elementor-element elementor-element-29fa3fb1 e-grid e-con-boxed e-con e-parent\" data-id=\"29fa3fb1\" data-element_type=\"container\" data-settings=\"{&quot;background_background&quot;:&quot;classic&quot;}\">\n\t\t\t\t\t<div class=\"e-con-inner\">\n\t\t<div class=\"elementor-element elementor-element-4939f78b e-grid e-con-boxed e-con e-child\" data-id=\"4939f78b\" data-element_type=\"container\" data-settings=\"{&quot;background_background&quot;:&quot;classic&quot;}\">\n\t\t\t\t\t<div class=\"e-con-inner\">\n\t\t\t\t<div class=\"elementor-element elementor-element-706047bf elementor-widget elementor-widget-text-editor\" data-id=\"706047bf\" data-element_type=\"widget\" data-widget_type=\"text-editor.default\">\n\t\t\t\t<div class=\"elementor-widget-container\">\n\t\t\t\t\t\t\t\t\t<p><strong>L\u2019adresse :<\/strong><\/p><p>Fournil des \u00e9paris<\/p><p>All\u00e9e de la chanson<\/p><p>74540 Viuz la Chi\u00e9saz<\/p><p>Voici le <a href=\"https:\/\/maps.app.goo.gl\/unMGvvzJ6ALtRsxP6\">lien GPS<\/a> pour ceux qui en ont.<\/p>\t\t\t\t\t\t\t\t<\/div>\n\t\t\t\t<\/div>\n\t\t\t\t<div class=\"elementor-element elementor-element-4ca2574 elementor-widget elementor-widget-text-editor\" data-id=\"4ca2574\" data-element_type=\"widget\" data-widget_type=\"text-editor.default\">\n\t\t\t\t<div class=\"elementor-widget-container\">\n\t\t\t\t\t\t\t\t\t<p><strong>A voir sur place :<\/strong><\/p><p>Nous en profiterons pour inaugurer le nouveau four boulanger con\u00e7u par Marc et Jean-Pierre. Cette fois-ci, nous pr\u00e9voyons le manger (D\u00e9gustation de pizzas au programme !). Il y aura une petite boite pour ceux qui souhaitent participer. Nous vous proposons d&rsquo;apporter \u00e0 boire pour compl\u00e9ter.<\/p><p><img decoding=\"async\" class=\"aligncenter size-large wp-image-12016\" src=\"https:\/\/www.oxalis-asso.org\/dev\/wp-content\/uploads\/2024\/06\/FourProto1-1024x903.jpg\" alt=\"\" width=\"1024\" height=\"903\" srcset=\"https:\/\/www.oxalis-asso.org\/dev\/wp-content\/uploads\/2024\/06\/FourProto1-1024x903.jpg 1024w, https:\/\/www.oxalis-asso.org\/dev\/wp-content\/uploads\/2024\/06\/FourProto1-300x265.jpg 300w, https:\/\/www.oxalis-asso.org\/dev\/wp-content\/uploads\/2024\/06\/FourProto1-768x677.jpg 768w, https:\/\/www.oxalis-asso.org\/dev\/wp-content\/uploads\/2024\/06\/FourProto1.jpg 1161w\" sizes=\"(max-width: 1024px) 100vw, 1024px\" \/><\/p>\t\t\t\t\t\t\t\t<\/div>\n\t\t\t\t<\/div>\n\t\t\t\t\t<\/div>\n\t\t\t\t<\/div>\n\t\t\t\t\t<\/div>\n\t\t\t\t<\/div>\n\t\t<div class=\"elementor-element elementor-element-3777f49 e-flex e-con-boxed e-con e-parent\" data-id=\"3777f49\" data-element_type=\"container\">\n\t\t\t\t\t<div class=\"e-con-inner\">\n\t\t\t\t<div class=\"elementor-element elementor-element-29333cc elementor-widget elementor-widget-text-editor\" data-id=\"29333cc\" data-element_type=\"widget\" data-widget_type=\"text-editor.default\">\n\t\t\t\t<div class=\"elementor-widget-container\">\n\t\t\t\t\t\t\t\t\t<h3 style=\"text-align: center;\"><strong>Venez nombreux, et pensez \u00e0 covoiturer !!!!<\/strong><\/h3>\t\t\t\t\t\t\t\t<\/div>\n\t\t\t\t<\/div>\n\t\t\t\t\t<\/div>\n\t\t\t\t<\/div>\n\t\t<div class=\"elementor-element elementor-element-2e33568 e-flex e-con-boxed e-con e-parent\" data-id=\"2e33568\" data-element_type=\"container\">\n\t\t\t\t\t<div class=\"e-con-inner\">\n\t\t\t\t<div class=\"elementor-element elementor-element-7f3882b elementor-widget elementor-widget-shortcode\" data-id=\"7f3882b\" data-element_type=\"widget\" data-widget_type=\"shortcode.default\">\n\t\t\t\t<div class=\"elementor-widget-container\">\n\t\t\t\t\t\t\t<div class=\"elementor-shortcode\"><iframe style=\"border:none; width:412px; height:172px\" src=\"https:\/\/togetzer.com\/widget.php?params=YTo0OntzOjExOiJhcHBsaWVkVHlwZSI7czo1OiJldmVudCI7czo0OiJ0eXBlIjtzOjU6ImNhcnJlIjtzOjI6ImlkIjtzOjU6IjUxNzA2IjtzOjc6Im9wdGlvbnMiO086Mjk6IklsbHVtaW5hdGVcU3VwcG9ydFxDb2xsZWN0aW9uIjoxOntzOjg6IgAqAGl0ZW1zIjthOjI6e3M6NToiY29sb3IiO3M6NToiYmxhbmMiO3M6NjoiYm9yZGVyIjtzOjc6ImFycm9uZGkiO319fQ==\"><\/iframe><\/div>\n\t\t\t\t\t\t<\/div>\n\t\t\t\t<\/div>\n\t\t\t\t\t<\/div>\n\t\t\t\t<\/div>\n\t\t\t\t<\/div>\n\t\t","protected":false},"excerpt":{"rendered":"<p>Les ap\u00e9ros des auto-constructeurs Oxalis 25 mars, 2024 Accueil Le 1er vendredi du mois : \u00ab Pose ta visseuse, c\u2019est l\u2019ap\u00e9ro des auto-constructeurs ! \u00bb Il s\u2019agit d\u2019un rendez-vous mensuel [&hellip;]<\/p>\n","protected":false},"author":1,"featured_media":0,"parent":0,"menu_order":0,"comment_status":"closed","ping_status":"closed","template":"full-width.php","meta":{"_acf_changed":false,"footnotes":""},"class_list":["post-11551","page","type-page","status-publish","hentry"],"acf":[],"yoast_head":"<!-- This site is optimized with the Yoast SEO plugin v26.7 - https:\/\/yoast.com\/wordpress\/plugins\/seo\/ -->\n<title>Les ap\u00e9ros des auto-constructeurs - Oxalis association<\/title>\n<meta name=\"robots\" content=\"noindex, follow, max-snippet:-1, max-image-preview:large, max-video-preview:-1\" \/>\n<meta property=\"og:locale\" content=\"fr_FR\" \/>\n<meta property=\"og:type\" content=\"article\" \/>\n<meta property=\"og:title\" content=\"Les ap\u00e9ros des auto-constructeurs - Oxalis association\" \/>\n<meta property=\"og:description\" content=\"Les ap\u00e9ros des auto-constructeurs Oxalis 25 mars, 2024 Accueil Le 1er vendredi du mois : \u00ab Pose ta visseuse, c\u2019est l\u2019ap\u00e9ro des auto-constructeurs ! \u00bb Il s\u2019agit d\u2019un rendez-vous mensuel [&hellip;]\" \/>\n<meta property=\"og:url\" content=\"https:\/\/www.oxalis-asso.org\/dev\/les-aperos-des-auto-constructeurs\/\" \/>\n<meta property=\"og:site_name\" content=\"Oxalis association\" \/>\n<meta property=\"article:modified_time\" content=\"2024-06-03T15:41:12+00:00\" \/>\n<meta property=\"og:image\" content=\"https:\/\/www.oxalis-asso.org\/dev\/wp-content\/uploads\/2024\/03\/IMG_6436-1024x768.jpg\" \/>\n<meta name=\"twitter:card\" content=\"summary_large_image\" \/>\n<meta name=\"twitter:label1\" content=\"Dur\u00e9e de lecture estim\u00e9e\" \/>\n\t<meta name=\"twitter:data1\" content=\"2 minutes\" \/>\n<script type=\"application\/ld+json\" class=\"yoast-schema-graph\">{\"@context\":\"https:\/\/schema.org\",\"@graph\":[{\"@type\":\"WebPage\",\"@id\":\"https:\/\/www.oxalis-asso.org\/dev\/les-aperos-des-auto-constructeurs\/\",\"url\":\"https:\/\/www.oxalis-asso.org\/dev\/les-aperos-des-auto-constructeurs\/\",\"name\":\"Les ap\u00e9ros des auto-constructeurs - Oxalis association\",\"isPartOf\":{\"@id\":\"https:\/\/www.oxalis-asso.org\/dev\/#website\"},\"primaryImageOfPage\":{\"@id\":\"https:\/\/www.oxalis-asso.org\/dev\/les-aperos-des-auto-constructeurs\/#primaryimage\"},\"image\":{\"@id\":\"https:\/\/www.oxalis-asso.org\/dev\/les-aperos-des-auto-constructeurs\/#primaryimage\"},\"thumbnailUrl\":\"https:\/\/www.oxalis-asso.org\/dev\/wp-content\/uploads\/2024\/03\/IMG_6436-1024x768.jpg\",\"datePublished\":\"2024-03-25T14:41:41+00:00\",\"dateModified\":\"2024-06-03T15:41:12+00:00\",\"breadcrumb\":{\"@id\":\"https:\/\/www.oxalis-asso.org\/dev\/les-aperos-des-auto-constructeurs\/#breadcrumb\"},\"inLanguage\":\"fr-FR\",\"potentialAction\":[{\"@type\":\"ReadAction\",\"target\":[\"https:\/\/www.oxalis-asso.org\/dev\/les-aperos-des-auto-constructeurs\/\"]}]},{\"@type\":\"ImageObject\",\"inLanguage\":\"fr-FR\",\"@id\":\"https:\/\/www.oxalis-asso.org\/dev\/les-aperos-des-auto-constructeurs\/#primaryimage\",\"url\":\"https:\/\/www.oxalis-asso.org\/dev\/wp-content\/uploads\/2024\/03\/IMG_6436-scaled.jpg\",\"contentUrl\":\"https:\/\/www.oxalis-asso.org\/dev\/wp-content\/uploads\/2024\/03\/IMG_6436-scaled.jpg\",\"width\":2560,\"height\":1920},{\"@type\":\"BreadcrumbList\",\"@id\":\"https:\/\/www.oxalis-asso.org\/dev\/les-aperos-des-auto-constructeurs\/#breadcrumb\",\"itemListElement\":[{\"@type\":\"ListItem\",\"position\":1,\"name\":\"Accueil\",\"item\":\"https:\/\/www.oxalis-asso.org\/dev\/\"},{\"@type\":\"ListItem\",\"position\":2,\"name\":\"Les ap\u00e9ros des auto-constructeurs\"}]},{\"@type\":\"WebSite\",\"@id\":\"https:\/\/www.oxalis-asso.org\/dev\/#website\",\"url\":\"https:\/\/www.oxalis-asso.org\/dev\/\",\"name\":\"Oxalis association\",\"description\":\"L&#039;\u00e9cocentre de Savoie \u2013 R\u00e9seau d&#039;\u00e9co et d&#039;auto-constructeurs\",\"publisher\":{\"@id\":\"https:\/\/www.oxalis-asso.org\/dev\/#organization\"},\"potentialAction\":[{\"@type\":\"SearchAction\",\"target\":{\"@type\":\"EntryPoint\",\"urlTemplate\":\"https:\/\/www.oxalis-asso.org\/dev\/?s={search_term_string}\"},\"query-input\":{\"@type\":\"PropertyValueSpecification\",\"valueRequired\":true,\"valueName\":\"search_term_string\"}}],\"inLanguage\":\"fr-FR\"},{\"@type\":\"Organization\",\"@id\":\"https:\/\/www.oxalis-asso.org\/dev\/#organization\",\"name\":\"Oxalis association\",\"url\":\"https:\/\/www.oxalis-asso.org\/dev\/\",\"logo\":{\"@type\":\"ImageObject\",\"inLanguage\":\"fr-FR\",\"@id\":\"https:\/\/www.oxalis-asso.org\/dev\/#\/schema\/logo\/image\/\",\"url\":\"https:\/\/www.oxalis-asso.org\/dev\/wp-content\/uploads\/2024\/05\/logo_oxalis-scaled.jpg\",\"contentUrl\":\"https:\/\/www.oxalis-asso.org\/dev\/wp-content\/uploads\/2024\/05\/logo_oxalis-scaled.jpg\",\"width\":2560,\"height\":1536,\"caption\":\"Oxalis association\"},\"image\":{\"@id\":\"https:\/\/www.oxalis-asso.org\/dev\/#\/schema\/logo\/image\/\"}}]}<\/script>\n<!-- \/ Yoast SEO plugin. -->","yoast_head_json":{"title":"Les ap\u00e9ros des auto-constructeurs - Oxalis association","robots":{"index":"noindex","follow":"follow","max-snippet":"max-snippet:-1","max-image-preview":"max-image-preview:large","max-video-preview":"max-video-preview:-1"},"og_locale":"fr_FR","og_type":"article","og_title":"Les ap\u00e9ros des auto-constructeurs - Oxalis association","og_description":"Les ap\u00e9ros des auto-constructeurs Oxalis 25 mars, 2024 Accueil Le 1er vendredi du mois : \u00ab Pose ta visseuse, c\u2019est l\u2019ap\u00e9ro des auto-constructeurs ! \u00bb Il s\u2019agit d\u2019un rendez-vous mensuel [&hellip;]","og_url":"https:\/\/www.oxalis-asso.org\/dev\/les-aperos-des-auto-constructeurs\/","og_site_name":"Oxalis association","article_modified_time":"2024-06-03T15:41:12+00:00","og_image":[{"url":"https:\/\/www.oxalis-asso.org\/dev\/wp-content\/uploads\/2024\/03\/IMG_6436-1024x768.jpg","type":"","width":"","height":""}],"twitter_card":"summary_large_image","twitter_misc":{"Dur\u00e9e de lecture estim\u00e9e":"2 minutes"},"schema":{"@context":"https:\/\/schema.org","@graph":[{"@type":"WebPage","@id":"https:\/\/www.oxalis-asso.org\/dev\/les-aperos-des-auto-constructeurs\/","url":"https:\/\/www.oxalis-asso.org\/dev\/les-aperos-des-auto-constructeurs\/","name":"Les ap\u00e9ros des auto-constructeurs - Oxalis association","isPartOf":{"@id":"https:\/\/www.oxalis-asso.org\/dev\/#website"},"primaryImageOfPage":{"@id":"https:\/\/www.oxalis-asso.org\/dev\/les-aperos-des-auto-constructeurs\/#primaryimage"},"image":{"@id":"https:\/\/www.oxalis-asso.org\/dev\/les-aperos-des-auto-constructeurs\/#primaryimage"},"thumbnailUrl":"https:\/\/www.oxalis-asso.org\/dev\/wp-content\/uploads\/2024\/03\/IMG_6436-1024x768.jpg","datePublished":"2024-03-25T14:41:41+00:00","dateModified":"2024-06-03T15:41:12+00:00","breadcrumb":{"@id":"https:\/\/www.oxalis-asso.org\/dev\/les-aperos-des-auto-constructeurs\/#breadcrumb"},"inLanguage":"fr-FR","potentialAction":[{"@type":"ReadAction","target":["https:\/\/www.oxalis-asso.org\/dev\/les-aperos-des-auto-constructeurs\/"]}]},{"@type":"ImageObject","inLanguage":"fr-FR","@id":"https:\/\/www.oxalis-asso.org\/dev\/les-aperos-des-auto-constructeurs\/#primaryimage","url":"https:\/\/www.oxalis-asso.org\/dev\/wp-content\/uploads\/2024\/03\/IMG_6436-scaled.jpg","contentUrl":"https:\/\/www.oxalis-asso.org\/dev\/wp-content\/uploads\/2024\/03\/IMG_6436-scaled.jpg","width":2560,"height":1920},{"@type":"BreadcrumbList","@id":"https:\/\/www.oxalis-asso.org\/dev\/les-aperos-des-auto-constructeurs\/#breadcrumb","itemListElement":[{"@type":"ListItem","position":1,"name":"Accueil","item":"https:\/\/www.oxalis-asso.org\/dev\/"},{"@type":"ListItem","position":2,"name":"Les ap\u00e9ros des auto-constructeurs"}]},{"@type":"WebSite","@id":"https:\/\/www.oxalis-asso.org\/dev\/#website","url":"https:\/\/www.oxalis-asso.org\/dev\/","name":"Oxalis association","description":"L&#039;\u00e9cocentre de Savoie \u2013 R\u00e9seau d&#039;\u00e9co et d&#039;auto-constructeurs","publisher":{"@id":"https:\/\/www.oxalis-asso.org\/dev\/#organization"},"potentialAction":[{"@type":"SearchAction","target":{"@type":"EntryPoint","urlTemplate":"https:\/\/www.oxalis-asso.org\/dev\/?s={search_term_string}"},"query-input":{"@type":"PropertyValueSpecification","valueRequired":true,"valueName":"search_term_string"}}],"inLanguage":"fr-FR"},{"@type":"Organization","@id":"https:\/\/www.oxalis-asso.org\/dev\/#organization","name":"Oxalis association","url":"https:\/\/www.oxalis-asso.org\/dev\/","logo":{"@type":"ImageObject","inLanguage":"fr-FR","@id":"https:\/\/www.oxalis-asso.org\/dev\/#\/schema\/logo\/image\/","url":"https:\/\/www.oxalis-asso.org\/dev\/wp-content\/uploads\/2024\/05\/logo_oxalis-scaled.jpg","contentUrl":"https:\/\/www.oxalis-asso.org\/dev\/wp-content\/uploads\/2024\/05\/logo_oxalis-scaled.jpg","width":2560,"height":1536,"caption":"Oxalis association"},"image":{"@id":"https:\/\/www.oxalis-asso.org\/dev\/#\/schema\/logo\/image\/"}}]}},"_links":{"self":[{"href":"https:\/\/www.oxalis-asso.org\/dev\/wp-json\/wp\/v2\/pages\/11551","targetHints":{"allow":["GET"]}}],"collection":[{"href":"https:\/\/www.oxalis-asso.org\/dev\/wp-json\/wp\/v2\/pages"}],"about":[{"href":"https:\/\/www.oxalis-asso.org\/dev\/wp-json\/wp\/v2\/types\/page"}],"author":[{"embeddable":true,"href":"https:\/\/www.oxalis-asso.org\/dev\/wp-json\/wp\/v2\/users\/1"}],"replies":[{"embeddable":true,"href":"https:\/\/www.oxalis-asso.org\/dev\/wp-json\/wp\/v2\/comments?post=11551"}],"version-history":[{"count":2,"href":"https:\/\/www.oxalis-asso.org\/dev\/wp-json\/wp\/v2\/pages\/11551\/revisions"}],"predecessor-version":[{"id":12032,"href":"https:\/\/www.oxalis-asso.org\/dev\/wp-json\/wp\/v2\/pages\/11551\/revisions\/12032"}],"wp:attachment":[{"href":"https:\/\/www.oxalis-asso.org\/dev\/wp-json\/wp\/v2\/media?parent=11551"}],"curies":[{"name":"wp","href":"https:\/\/api.w.org\/{rel}","templated":true}]}}